?
b7a15c
In base 2, what is 11000010001111 + 11?
11000010010010
In base 7, what is 6333 - 10264?
-631
In base 5, what is -1211 - -222440023?
222433312
In base 4, what is -31131 + 2103130301?
2103033110
In base 2, what is -1001111100010 - -110010101111?
-11100110011
In base 5, what is -312103221 + 20?
-312103201
In base 9, what is -3166 - -2604?
-462
In base 3, what is 1012 + 201000222110?
201001000122
In base 10, what is -50 + 304837?
304787
In base 13, what is 7 + -15041ab?
-15041a4
In base 6, what is 3 + -134100330?
-134100323
In base 12, what is 4753 + 5658?
a1ab
In base 16, what is c4499 + -1a6?
c42f3
In base 8, what is -1760 - 14244?
-16224
In base 3, what is -2120022 + 21121001?
12000202
In base 3, what is 10001002 - 121110012?
-111102010
In base 15, what is -1 - -6d6b817?
6d6b816
In base 8, what is -5 + -762675007?
-762675014
In base 6, what is -2 - -3345351551?
3345351545
In base 15, what is -2251 - b71?
-2dc2
In base 14, what is -1c74 - -8b0?
-13a4
In base 7, what is -4 + -4112336263?
-4112336300
In base 11, what is 4 - -9279826?
927982a
In base 7, what is -203466 + -25?
-203524
In base 10, what is 682 + 26345?
27027
In base 9, what is 17074163 - 83?
17074070
In base 11, what is aa49a0 + -22?
aa4979
In base 14, what is -73ac962 - -5?
-73ac95b
In base 10, what is -1 - 16732787?
-16732788
In base 7, what is 4035545 - 20?
4035525
In base 6, what is 1125400 - -4330?
1134130
In base 10, what is 1666 + 8772?
10438
In base 5, what is -44133243300 + -3?
-44133243303
In base 9, what is 15402 + -1156?
14235
In base 9, what is -4 + 12121332?
12121327
In base 8, what is 1634510 - 11?
1634477
In base 6, what is -4122 + 310045?
301523
In base 7, what is 4 - -4531140?
4531144
In base 12, what is -26b + 57958b?
579320
In base 5, what is -1304432234 + -4?
-1304432243
In base 10, what is -2520532 + 9?
-2520523
In base 9, what is 450 - 22153?
-21603
In base 2, what is 1101011111100 + -10011010000101110?
-10001100100110010
In base 7, what is -43653 + 5062?
-35561
In base 12, what is 13938a + -36?
139354
In base 5, what is 230344 + 2204440?
2440334
In base 13, what is 42a4bc - 3b?
42a481
In base 10, what is 416268 - -96?
416364
In base 16, what is -5515222 - 5?
-5515227
In base 5, what is 1320013130 + -10?
1320013120
In base 14, what is bd80 + 4d04?
12c84
In base 5, what is -331 + 204243030?
204242144
In base 13, what is -1a2 - -186388?
1861b6
In base 11, what is -168288a - 0?
-168288a
In base 14, what is -2d720 + 35?
-2d6c9
In base 4, what is -2303313011 + -102?
-2303313113
In base 15, what is -ad7a + -4cb1?
-10b3b
In base 8, what is -5476 + 336107?
330411
In base 12, what is -1700b27 + 1?
-1700b26
In base 5, what is -1 + -1104323101?
-1104323102
In base 5, what is -110103 - -1324341?
1214233
In base 9, what is -81 - -6331013?
6330822
In base 16, what is -2f + 114e908?
114e8d9
In base 7, what is 341635 + -3024?
335611
In base 10, what is 1106504 - 0?
1106504
In base 4, what is -10 - -3030131112010?
3030131112000
In base 15, what is -34058db + 2?
-34058d9
In base 9, what is -48024634 + -1?
-48024635
In base 16, what is -2a08a9 - 0?
-2a08a9
In base 4, what is -31 - 1323131102320?
-1323131103011
In base 14, what is -3 - 14908cdb?
-14908d00
In base 2, what is 111 + 10000000000111110010101?
10000000000111110011100
In base 13, what is 6306a8 + 0?
6306a8
In base 7, what is 14 - 262266352?
-262266335
In base 6, what is 432113 + 302?
432415
In base 4, what is 23131333031 - 0?
23131333031
In base 11, what is 16a025 + 7?
16a031
In base 4, what is -3 - -1302230122131?
1302230122122
In base 6, what is -354130543 - -5?
-354130534
In base 5, what is 23030 - 34241011?
-34212431
In base 9, what is 111 - -116761?
116872
In base 9, what is -552 - 867465?
-868127
In base 8, what is 1247774 - 104?
1247670
In base 3, what is -122211120120 + 2221?
-122211110122
In base 2, what is 10010101100110000110001010 - -111?
10010101100110000110010001
In base 3, what is -10020221211 - 2011?
-10021000222
In base 5, what is -1101 + -21133014?
-21134120
In base 14, what is 642 + c0ac?
c710
In base 16, what is 400e - -f4?
4102
In base 7, what is 21020221 - 10?
21020211
In base 4, what is 303222 - 103311?
133311
In base 6, what is 45 - -1150253301?
1150253350
In base 9, what is -2440 + -252048?
-254488
In base 2, what is -1000101111101101110010 - 11100?
-1000101111101110001110
In base 12, what is 1 + -2197b2?
-2197b1
In base 14, what is 616b21 - -7?
616b28
In base 9, what is -346763 - 312?
-347175
In base 3, what is -1012 + 12002100110022?
12002100102010
In base 11, what is -22623357 - -8?
-2262334a
In base 5, what is -10 - -332301424?
332301414
In base 6, what is -104 - -3554205?
3554101
In base 3, what is -110110212001112 + 2?
-110110212001110
In base 13, what is 397 - 2164?
-1a9a
In base 13, what is 1a256 + -5029?
1522a
In base 12, what is -3b + 10467b?
104640
In base 13, what is -4 - -4c298?
4c294
In base 7, what is 5040241 + 1564?
5042135
In base 2, what is -1001111011001 - 10011011011?
-1100010110100
In base 16, what is -e406b6 - -3c?
-e4067a
In base 2, what is 1010110111 - 10011100100111?
-10010001110000
In base 9, what is -2508 + 3264?
655
In base 15, what is 1a8 + 5782b5?
57846d
In base 13, what is a5 - -c95ca?
c96a2
In base 3, what is -222 + -2102002022102?
-2102002100101
In base 4, what is 2 + -13210112111?
-13210112103
In base 7, what is -443631252 + -3?
-443631255
In base 9, what is 45783 + -3713?
42070
In base 14, what is 3256 + -1a8?
308c
In base 9, what is -2137041 + 107?
-2136833
In base 3, what is -122212110 - 2022?
-122221202
In base 4, what is -2101212331 - 10130?
-2101223121
In base 13, what is 4 + -288890?
-288889
In base 16, what is 5310f6 + -a?
5310ec
In base 3, what is -1212 + -200011111201200?
-200011111210112
In base 7, what is -634 + -641320?
-642254
In base 11, what is 2a14873 + 24?
2a14897
In base 11, what is -a010 + 361?
-975a
In base 15, what is -12ac + 1cdd5?
1bb28
In base 13, what is c0463 + 27?
c048a
In base 16, what is -12a4ce + 26?
-12a4a8
In base 8, what is -11 + 2736717?
2736706
In base 2, what is -1101100001100101011100011011 - 101?
-1101100001100101011100100000
In base 10, what is -3789991 - -1?
-3789990
In base 12, what is -194160 + -24?
-194184
In base 4, what is 111113211 + -3312?
111103233
In base 6, what is 10544341545 + -14?
10544341531
In base 10, what is -122 - -54424?
54302
In base 16, what is -24cbd - -49?
-24c74
In base 7, what is -454 + 354324?
353540
In base 14, what is -7a8a34 + -3?
-7a8a37
In base 7, what is -36665621 + 2?
-36665616
In base 6, what is -13 + 121530001?
121525544
In base 5, what is -24011 - -40342424?
40313413
In base 5, what is -310214 - -213?
-310001
In base 9, what is -8433804 + -13?
-8433817
In base 16, what is -3f44 + -512e?
-9072
In base 12, what is -17b4b - -79?
-17a92
In base 11, what is 729 + -87830?
-87102
In base 9, what is 223 - 464400?
-464166
In base 4, what is -11 - -33011230020?
33011230003
In base 13, what is -8 - -88888b?
888883
In base 15, what is -6ba4 + 312c?
-3a77
In base 16, what is -12 + -1a318f?
-1a31a1
In base 5, what is -1022323322 - 40?
-1022323412
In base 15, what is 5c7e - -2ea?
6079
In base 6, what is 12100003 + -111?
12055452
In base 9, what is 1016630 + -6?
1016623
In base 16, what is -e7b0b - 1?
-e7b0c
In base 16, what is 5 - -45da9b8?
45da9bd
In base 5, what is -3 + -42444440210?
-42444440213
In base 8, what is 43122 - 36163?
4737
In base 13, what is 40a577 + -24?
40a553
In base 8, what is 11 - 70332?
-70321
In base 12, what is 1809 + 9342?
ab4b
In base 3, what is 10 + 1021220210220211?
1021220210220221
In base 13, what is -1726571b - -2?
-17265719
In base 15, what is 8 - -11e0549?
11e0552
In base 7, what is 3221053412 - -3?
3221053415
In base 9, what is 207311163 + 15?
207311178
In base 3, what is 21211001102 - 1?
21211001101
In base 6, what is -410224 - 1005?
-411233
In base 13, what is 105b6c17 + 0?
105b6c17
In base 7, what is -2 + -234334413?
-234334415
In base 7, what is 1 + 10055211566?
10055211600
In base 10, what is 2 + 13400809?
13400811
In base 2, what is -1110110000000011 - -1001101?
-1110101110110110
In base 12, what is -5 - -425869?
425864
In base 2, what is -1000011 - -10111011011101001010?
10111011011100000111
In base 4, what is -1 + -202130220010?
-202130220011
In bas